{"id":412,"date":"2012-10-01T12:44:29","date_gmt":"2012-10-01T10:44:29","guid":{"rendered":"http:\/\/fernuni.digreb.net\/?page_id=412"},"modified":"2025-11-25T15:19:27","modified_gmt":"2025-11-25T14:19:27","slug":"01697-mensch-computer-interaktion","status":"publish","type":"page","link":"https:\/\/fernuni.digreb.net\/?page_id=412","title":{"rendered":"01697 &#8211; Mensch Computer Interaktion"},"content":{"rendered":"<h1>Kursbeschreibung<\/h1>\n<p>Das Thema ist durchaus spannend. Wer schon einmal ein GUI entwickelt hat, befolgt unbewusst bestimmte Regeln um diese ansprechend und intuitiv bedienbar zu machen. Oder sollte es zumindest. In diesem Kurs wird diese praktische Erfahrung auf ein theoretisches Fundament gestellt. Man wei\u00df nun warum man bestimmte Designkonzepte verfolgt und bem\u00fcht als Antwort nicht immer nur &#8222;Weil es halt so ist!&#8220;. Warum man z.B. bei zielgruppengerechter Gestaltung der grafischen Oberfl\u00e4chen bestimmte Abst\u00e4nde zum Monitor einkalkulieren muss (ver\u00e4nderter Nahpunkt mit dem Alter), Einbeziehung des blinden Flecks und so weiter. Wie laufen die chemischen Prozesse im Gehirn ab, wie werden Synapsen gebildet, was ist laterale Inhibition und wie nutze ich sie f\u00fcr meine Anwendungen aus? Das sind alles Fragen, die im Kurs beantwortet werden. Abschlie\u00dfend erfolgt eine Einf\u00fchrung in die Datenerhebung bei Versuchen und eine Einf\u00fchrung in die daf\u00fcr notwendige Stochastik (durchaus sehr mathematisch).<\/p>\n<p>Von diesem Gesichtspunkt aus ist der Kurs gelungen. Die Informationsdichte ist immens und tweilweise geht diese schon deutlich in die biologische Tiefe. Wenn ich da nur an die Seiten mit dem Aufbau des Auges denke (St\u00e4bchen, Zapfen, Anzahl, Benennung Komponenten des Auges, Verantwortungsbereiche, etc.).<\/p>\n<p>Was mir nicht so sehr gef\u00e4llt ist der Skriptaufbau. Es wird viel Wert darauf gelegt politisch korrekt zwischen Benutzerinnen und Benutzern, Programmiererinnen und Programmierern, etc. zu unterscheiden. Das st\u00f6rt den Lesefluss ungemein. F\u00fcr mich pers\u00f6nlich ist z.B. &#8222;Programmierer&#8220; seit ewigen Zeiten einfach geschlechtslos, es sei denn man sagt &#8222;m\u00e4nnlicher Programmierer&#8220; oder &#8222;Programmiererin&#8220; f\u00fcr das weibliche Pendant. Aber bei jedem Satz zwischen M\u00e4nnlein und Weiblein hin und her zu springen oder den Satz mit (ich \u00fcbertreibe nun etwas) &#8222;&#8230; Programmiererinnen und Programmierern, die f\u00fcr Benutzerinnen und Benutzer sowie auch f\u00fcr Administratorinnen und Administratoren, die von Abteilungsleiterinnen und Abteilungsleitern geleitet werden&#8230;&#8220; verl\u00e4ngern, ist meiner Meinung nach f\u00fcr das Leseerlebnis suboptimal. Da f\u00e4llt mir ein Sketch von einem deutschen Comedian ein, der mal von &#8222;Hydranten und Hydrantinnen&#8220; sprach.<\/p>\n<p>Zu den Einsendeaufgaben m\u00f6chte ich nicht viele Worte verlieren. Stand SS 2012 ben\u00f6tigt man 75% der Einsendeaufgaben f\u00fcr die Klausurzulassung. Man hat nur einen Versuch, beantwortet 20 MC-Fragen und hofft auf &gt; 75%. Hat man 6 Kurseinheiten mit 100% bestanden und schludert auf 49% bei der letzten, ist die Zulassung hin und das Semester f\u00fcr die Katz. Ebenso muss man die Einsendeaufgaben strikt alle zwei Wochen erledigen. Ist man im Urlaub und hat keinen Internet-Zugriff? Pech. Auch wenn ich denke, dass das Lehrgebiet hier durchaus entgegenkommen sein k\u00f6nnte, sollte man solche Konstellationen in einem Fernstudium doch auch ohne Ausnahmeregelung vermeiden k\u00f6nnen indem man die Klausurzulassung wegl\u00e4sst (wer zur Klausur hingeht ohne vorbereitet zu sein, der hat seine sowieso 5 verdient &#8211; hier braucht man, meiner Meinung nach, keine Selektion anhand von Einsendeaufgaben).<\/p>\n<h1>Pr\u00fcfung<\/h1>\n<p>Die Pr\u00fcfung ist vollst\u00e4ndig im MC-Stil. Die Einsendeaufgaben decken den Stoff ab und gehen deutlich tiefer. Aber 100% in den Einsende- oder \u00dcbungsaufgaben garantieren keine gute Note, wie ich feststellen durfte. Aus 90-100% in den \u00dcbungsaufgaben wurden bei mir eher 65% in der Klausur. Die Quote in der Klausur SS 2012 ist 31:8 (bestanden, nicht bestanden) ausgefallen (7:1 bei der Pr\u00fcfungsklausur) und es gab keine 1,0.<\/p>\n<p>Wer MC-Pr\u00fcfungen mag und kein Problem hat, dass eine richtige 50-Wort-Aussage mit einem Wort, dass ob der Richtigkeit aller anderen auch gerne mal \u00fcberlesen wird ins Gegenteil verkehrt wird, der sollte an dem Stil und mit der Pr\u00fcfung keine Probleme haben. Alle anderen: lieber einen Kurs belegen, wo man sein Wissen in mehr als nur in Kreuzchen darlegen kann.<\/p>\n<h1>Literaturempfehlung<\/h1>\n<p>Hier gibt es leider nicht viele B\u00fccher. Ausgeliehen habe ich mir das Buch von Heinecke (siehe Kasten oben rechts). F\u00fcr den Preis kann man es sich auch ins Regal stellen. Ebenso Usability Engineering. Das Buch zum Thema Design Patterns ist etwas f\u00fcr Leute, die auch Software Engineering 1 belegt haben. Ansonsten w\u00fcrde ich das wohl hier auslassen.<\/p>\n<h1>Kursinhalt<\/h1>\n<ul>\n<li><strong>Kurseinheit 1<\/strong>: Komplette Geschichte der Interaktion von 18xx bis heute. Standards, intuitive Bedienbarkeit, Details der Interaktion und Interaktionsanalyse.<\/li>\n<li><strong>Kurseinheit 2<\/strong>: Informations\u00fcbertragung vom Mensch zum Computer und anders herum, Auswahl geeigneter Schnittstellen.<\/li>\n<li><strong>Kurseinheit 3<\/strong>: Wahrnehmungsprozess, drei Beziehungen, Neuronen, Aktionspotenzial, Synapse, Detailbesprechung Auge, Prinzipien neuronaler Informationsverarbeitung mit Konvergenz, rezeptives Feld, Inhibition und Organisation neuronaler verb\u00fcnde.<\/li>\n<li><strong>Kurseinheit 4<\/strong>: Informationsdarstellung, Gestaltungsgrunds\u00e4tze (visuelle Ph\u00e4nomene, Ph\u00e4nomene h\u00f6herer Verarbeitungsprozesse, Stilmittel), goldene Regeln.<\/li>\n<li><strong>Kurseinheit 5<\/strong>: Entwurfsmethoden, Bed\u00fcrfnisse erkennen, empirische Methoden (Erhebung\/Bereinigung), nutzungsorientierte Techniken (Szenario\/Anwendungsfall\/hierarchisch), Low- und High-Fidelity-Prototypen, grafischer Entwurf + textuelle Beschreibung, Analyse, Interaktionsmodelle, sensorbasierte Interaktion.<\/li>\n<li><strong>Kurseinheit 6<\/strong>: Fenstersysteme (Pixel, Fenster, Widgets), Programmierparadigmen (MVC, etc), GUI Frameworks durchaus detailiert (Qt, Java), deklarative Sprachen (HTML, XML, XAML, QML).<\/li>\n<li><strong>Kurseinheit 7<\/strong>: Evaluation, Stochastik (Zufallsvariablen, Mittelwert, Dichte, Varianz, Normalvereteilung, &#8230;), statistische Testverfahren (Hypothesen, Signifikanzniveau, t-Test), Labor- und Feldstudien, analytische Methoden (Cognitive Walkthrough, modellbasierte Evaluation, &#8230;), Experiment, Beobachtung, Interview, \u00dcberwachung, Wahl einer geeigneten Methode.<\/li>\n<\/ul>\n<p>&nbsp;<\/p>\n<h3>Buchempfehlung<\/h3>\n<p><a class=\"amazonlink\" target=\"_blank\" href=\"https:\/\/www.amazon.de\/gp\/product\/3642135064\/ref=as_li_tl?ie=UTF8&amp;camp=1638&amp;creative=6742&amp;creativeASIN=3642135064&amp;linkCode=as2&amp;tag=fernblog09-21&amp;linkId=c02dd6c9eddb64e8c6ef98a4cb32d01f\" rel=\"noopener noreferrer\"><img decoding=\"async\" class=\"amazonimg\" border=\"0\" src=\"\/\/ws-eu.amazon-adsystem.com\/widgets\/q?_encoding=UTF8&amp;MarketPlace=DE&amp;ASIN=3642135064&amp;ServiceVersion=20070822&amp;ID=AsinImage&amp;WS=1&amp;Format=_SL110_&amp;tag=fernblog09-21\"><\/a><a class=\"amazonlink\" target=\"_blank\" href=\"https:\/\/www.amazon.de\/gp\/product\/3827425255\/ref=as_li_tl?ie=UTF8&amp;camp=1638&amp;creative=6742&amp;creativeASIN=3827425255&amp;linkCode=as2&amp;tag=fernblog09-21&amp;linkId=c02dd6c9eddb64e8c6ef98a4cb32d01f\" rel=\"noopener noreferrer\"><img decoding=\"async\" class=\"amazonimg\" border=\"0\" src=\"\/\/ws-eu.amazon-adsystem.com\/widgets\/q?_encoding=UTF8&amp;MarketPlace=DE&amp;ASIN=3827425255&amp;ServiceVersion=20070822&amp;ID=AsinImage&amp;WS=1&amp;Format=_SL110_&amp;tag=fernblog09-21\"><\/a><a class=\"amazonlink\" target=\"_blank\" href=\"https:\/\/www.amazon.de\/gp\/product\/3827423287\/ref=as_li_tl?ie=UTF8&amp;camp=1638&amp;creative=6742&amp;creativeASIN=3827423287&amp;linkCode=as2&amp;tag=fernblog09-21&amp;linkId=c02dd6c9eddb64e8c6ef98a4cb32d01f\" rel=\"noopener noreferrer\"><img decoding=\"async\" class=\"amazonimg\" border=\"0\" src=\"\/\/ws-eu.amazon-adsystem.com\/widgets\/q?_encoding=UTF8&amp;MarketPlace=DE&amp;ASIN=3827423287&amp;ServiceVersion=20070822&amp;ID=AsinImage&amp;WS=1&amp;Format=_SL110_&amp;tag=fernblog09-21\"><\/a><\/p>\n","protected":false},"excerpt":{"rendered":"<p>Kursbeschreibung Das Thema ist durchaus spannend. Wer schon einmal ein GUI entwickelt hat, befolgt unbewusst bestimmte Regeln um diese ansprechend und intuitiv bedienbar zu machen. Oder sollte es zumindest. In diesem Kurs wird diese praktische Erfahrung auf ein theoretisches Fundament gestellt. Man wei\u00df nun warum man bestimmte Designkonzepte verfolgt und bem\u00fcht als Antwort nicht immer &hellip; <\/p>\n<p class=\"link-more\"><a href=\"https:\/\/fernuni.digreb.net\/?page_id=412\" class=\"more-link\"><span class=\"screen-reader-text\">\u201e01697 &#8211; Mensch Computer Interaktion\u201c <\/span>weiterlesen<\/a><\/p>\n","protected":false},"author":2,"featured_media":0,"parent":3360,"menu_order":0,"comment_status":"open","ping_status":"open","template":"","meta":{"footnotes":""},"class_list":["post-412","page","type-page","status-publish","hentry"],"_links":{"self":[{"href":"https:\/\/fernuni.digreb.net\/index.php?rest_route=\/wp\/v2\/pages\/412","targetHints":{"allow":["GET"]}}],"collection":[{"href":"https:\/\/fernuni.digreb.net\/index.php?rest_route=\/wp\/v2\/pages"}],"about":[{"href":"https:\/\/fernuni.digreb.net\/index.php?rest_route=\/wp\/v2\/types\/page"}],"author":[{"embeddable":true,"href":"https:\/\/fernuni.digreb.net\/index.php?rest_route=\/wp\/v2\/users\/2"}],"replies":[{"embeddable":true,"href":"https:\/\/fernuni.digreb.net\/index.php?rest_route=%2Fwp%2Fv2%2Fcomments&post=412"}],"version-history":[{"count":9,"href":"https:\/\/fernuni.digreb.net\/index.php?rest_route=\/wp\/v2\/pages\/412\/revisions"}],"predecessor-version":[{"id":3206,"href":"https:\/\/fernuni.digreb.net\/index.php?rest_route=\/wp\/v2\/pages\/412\/revisions\/3206"}],"up":[{"embeddable":true,"href":"https:\/\/fernuni.digreb.net\/index.php?rest_route=\/wp\/v2\/pages\/3360"}],"wp:attachment":[{"href":"https:\/\/fernuni.digreb.net\/index.php?rest_route=%2Fwp%2Fv2%2Fmedia&parent=412"}],"curies":[{"name":"wp","href":"https:\/\/api.w.org\/{rel}","templated":true}]}}